pose 2*i = -i - 3*q + 3, -5*q - 25 = -i. Suppose -85 = -i*r + 3340. Is r prime?
False
Let c(v) = -273*v + 58. Is c(-17) composite?
True
Is 1/3 + 464376/18 composite?
False
Let j be 3/(15/20) - 1. Suppose 3*r - 1152 = -j*l, -l + 2*r - 387 = -2*l. Is l a prime number?
False
Let p(y) = 3152*y**2 + 23*y + 49. Is p(-2) a prime number?
True
Let q = 23768 - 16449. Is q a prime number?
False
Suppose 25 + 4 = -4*l - 5*b, -8 = -2*l + 2*b. Is (1949/2)/(l + 21/14) a prime number?
True
Suppose 3*a - 3201 = 3318. Is a prime?
False
Let l = -54 + 54. Suppose -3*p + 4*j + 5327 = -l*p, -3*p + j = -5312. Is p a prime number?
False
Suppose s - 2*i = i + 8944, -2*s + 5*i + 17887 = 0. Is s composite?
False
Let c(r) = -76*r**2 - 8*r - 46. Let k(v) = v**2 - v - 1. Let n(x) = -c(x) + 5*k(x). Is n(-7) composite?
False
Suppose z - 1595 - 1043 = 0. Is z a composite number?
True
Let y = 29743 - 18332. Is y a composite number?
False
Suppose -324 + 92 = 4*v. Let o be (11 - 1)/(1/v). Is -1 + -1 + o/(-4) a composite number?
True
Suppose 0 = 2*n + 2*n. Suppose -o + 2*a - 56 + 587 = n, 1608 = 3*o - 3*a. Is o a composite number?
False
Let c(k) = 70*k**2 - 3*k - 5. Is c(6) prime?
False
Is 1693/(3 - (-4 + 6)) a composite number?
False
Let x(y) = -y**2 + 5*y + 5. Let b be x(5). Suppose -5*k - 10 = -u + b, -u - 3*k = -7. Suppose 385 = -5*s + u*s. Is s prime?
False
Let u(q) = -q**3 - 6*q**2 - 75*q - 31. Is u(-23) a composite number?
False
Let l be (-11)/((5/(-170))/(7/2)). Let j = l + -222. Is j prime?
True
Is 6/(-15) - ((-82677)/(-15))/(-7) a prime number?
True
Suppose -5*x - 32 + 112 = 0. Let o = 7 - x. Let y = 70 - o. Is y a composite number?
False
Suppose 9*t - 20 = -2. Suppose t*m - 5*m + 111 = 0. Is m a composite number?
False
Let l = -30 - -65. Suppose -y = n - 19, -2*y + 0*y + l = n. Is ((-4)/y)/(1/(-2876)) prime?
True
Let d(j) = -4*j + 18 + 4*j**2 + 4*j**2 - 1 - 2*j**2. Is d(-5) a prime number?
False
Suppose -2*m = 2, 0*b + b + 15 = -m. Let o be (-20)/11 + b/77. Is o + (-504)/(-2 - -1) prime?
False
Let x(l) = 7*l**3 + 20*l**2 - 3*l + 7. Is x(14) prime?
False
Let j = 1012 + -447. Let u = 819 - j. Is u composite?
True
Let c be ((-6)/(-9))/((-4)/(-3054)). Suppose -3*p = -2630 + c. Is p a composite number?
True
Let i = -15 + 19. Let w be 25780/22 + (-2)/(-11). Suppose i*h = 8*h - w. Is h a prime number?
True
Suppose -2*p - 12653 = 3*q - 42748, 10009 = q - 5*p. Is q prime?
False
Let b = -8496 + 19147. Is b composite?
False
Let o = 453 + -247. Suppose u = o + 31. Is u composite?
True
Let j = 125946 + -88255. Is j a prime number?
True
Suppose 2*s + 17 = -3*s - 4*q, 3*s - q = 0. Is 57/38 - (s - 2129/2) a prime number?
False
Let w be 24/(-16) + 2146/(-4). Let i = w + 282. Let j = i - -495. Is j prime?
True
Let c(d) = 204*d**2 + 7*d + 13. Let s be c(-3). Let j = 2867 - s. Is j a prime number?
True
Let m(l) = -l**3 - 14*l**2 - 18*l - 4. Let w be m(-13). Suppose -2*p + w = -5. Is p prime?
False
Let p be ((-4)/(1 + -5) + -1)/2. Suppose p*w - 1535 = -5*w. Is w a prime number?
True
Suppose c + 0 = -5, 0 = 4*y - 3*c - 13451. Is y composite?
False
Let i = 435 - -146. Let h(s) = -s**3 - s**2 - s + 4. Let k be h(0). Suppose k*g - 3*w = i, 124 = g + w - 6*w. Is g composite?
False
Suppose 3 = -3*f - 3*z, 5*z + 6 = -4*f + 1. Is (f + (1 - -1))/(4/894) composite?
True
Let m(c) = 3*c**2 - 8*c + 11. Let p be m(5). Suppose -5*s + 234 = -p. Let v = s - -3. Is v a composite number?
False
Let u(h) = 3646*h**2 - 59*h + 60. Is u(1) composite?
True
Let w be 5*12/8*204. Suppose p = -s - 64 + 376, 0 = 5*s - p - w. Is s prime?
True
Let x(l) = 7*l**3 + 7*l**2 - 2*l - 7. Let a(f) = -4*f**3 - 4*f**2 + f + 4. Let i(n) = -11*a(n) - 6*x(n). Let u = 3 - 2. Is i(u) composite?
False
Let g be ((-46)/4)/(1/(-6)). Let i = -3 - -3. Suppose -j + d = -i*d - 93, -5*d + g = j. Is j a prime number?
True
Let s(l) be the first derivative of 97*l**3/3 - 3*l + 13. Let r be s(5). Let x = r + -1703. Is x prime?
True
Suppose 0 = -2*n - 3*p + 14, n + 10 = 2*n + 3*p. Suppose 0 = -2*k - n*d, -4*k - 2*d - 1 - 11 = 0. Is (-46 - -8)*2/k a composite number?
False
Suppose 14*f - 13059 = 31265. Is f a prime number?
False
Let w(k) be the first derivative of k**4/4 + 2*k**3 - 7*k**2/2 - 3*k + 4. Let v be w(-7). Is 254*(21/6 + v) prime?
True
Suppose o + 4*j = 23, -8*o + 3*j = -5*o + 6. Suppose -11*d = o*d - 11914. Is d a prime number?
False
Suppose -102210 = -17*t + 7*t. Is t composite?
True
Suppose -6*a + 4700 = -1648. Suppose -2*v = 2*v - 212. Suppose -a = -5*o - v. Is o a prime number?
False
Suppose -5039 = -7*z - 279. Is 0 + z + (-9)/9 composite?
True
Let p(y) = 5*y**2 - y**2 - 10 - 17*y - 3*y**2. Let z be 5 - (-9)/(9/(-16)). Is p(z) a prime number?
False
Suppose -4*w = 4*x - 764, 4*w = w + 2*x + 548. Suppose 5*t - 436 = t. Let o = w - t. Is o prime?
False
Let n(y) be the second derivative of y**4/4 + 13*y**3/6 - 3*y**2/2 - 13*y. Let t be n(9). Let x = t - 208. Is x prime?
True
Let r(w) = 930*w**2 + 3*w + 2. Let v be r(-1). Suppose -409 - v = -6*y. Is y composite?
False
Let r be (-73)/(-4)*(4 + (4 - 12)). Let f = r - -140. Is f a composite number?
False
Let d(j) = -j + 3. Let q be d(0). Suppose l + q*y - 607 - 493 = 0, -2*l = 2*y - 2220. Is l composite?
True
Let q = 48457 - 27188. Is q composite?
False
Suppose 4*y - 758 = -5*c, 7*y - 4*y - 5*c = 586. Let d be 5/10*(5 - -693). Let s = d - y. Is s composite?
False
Suppose 0 = -5*l + 2*l + 3. Let g(j) = -1 - 2 - 14*j - l. Is g(-7) composite?
True
Let l be 4 - 3/6*-2. Suppose -2*y - l*b = -1, 2 = 3*b + 5. Suppose 0 = -h - y*h + 508. Is h a prime number?
True
Suppose 21*j = 24*j. Let c be (-32073)/(-9) - 1/(-3). Suppose 2*f - c - 38 = j. Is f prime?
True
Let y(j) = 6*j - 2. Let b be y(1). Suppose b*z - 208 = 2*w, z + 3*w - 76 = -17. Is z a prime number?
True
Suppose 3*q - 14 = -n, -22 = -4*q - 2. Let k(o) = 852*o**2 - o. Is k(n) a prime number?
True
Suppose q + 3 - 11 = 0. Suppose 0 = q*u - 282 - 3646. Is u composite?
False
Let y = -40 - -774. Is y prime?
False
Suppose 0 = 2*s + s. Suppose 0 = -s*j + 4*j - 12. Suppose 0*r + 207 = j*r. Is r a prime number?
False
Suppose 1805 = 4*g + g. Let m be 9/(-21) - (-76)/14. Suppose 0 = -4*k - z + g, -k - 258 = -4*k - m*z. Is k a prime number?
False
Let v be (2/2)/((-1)/11). Let d = -8 - v. Is (3/6)/(d/762) a prime number?
True
Suppose -2*a - l - 8 + 4 = 0, 3*a + 3*l = -12. Suppose 2*s + 0*s - 892 = a. Is s a composite number?
True
Suppose -20*r = -17*r - 12. Is 17/68 + 3687/r composite?
True
Let g be ((-1)/2)/((-957)/(-958) + -1). Is (g/(-2) + 0)*(1 - 3) prime?
True
Let d be (2 - -1)*50/(-15). Let y be (-4)/d*(-40)/(-4). Suppose u - 60 = 5*k - 240, 125 = 3*k - y*u. Is k a prime number?
False
Let m(f) = f**2 + f + 2429. Is m(0) a prime number?
False
Let v = 123745 + -52712. Is v a composite number?
True
Let n = 4 - -3. Let l = 6 - n. Let r(s) = -161*s**3. Is r(l) a prime number?
False
Suppose -10 = 21*s - 22*s. Suppose -s*d + 3414 = -7*d. Is d composite?
True
Let j = 14 + 167. Let f = j - -112. Is f composite?
False
Is -10 + 14 + (1 + 0)*3823 a prime number?
False
Suppose 2*m + 3*j - 937 - 164 = 0, -3*m - 3*j = -1644. Suppose 260 = 3*t - 2*q - 148, -4*t + 3*q + m = 0. Suppose t = -7*p + 9*p. Is p a prime number?
False
Suppose j - 2*j = 5*d - 3061, -j - 4*d = -3057. Is j a prime number?
True
Suppose 2*o - o - 441 = 0. Suppose -o = -d - 47. Is d composite?
True
Let w be -4 - (1 - (-2 - -1)). Let k(s) = -s**3 - 7*s**2 - 6*s + 3. Let i be k(w). Suppose -6*j = -i*j - 231. Is j a prime number?
False
Let r(j) = -5*j + 1814. Is r(0) a prime number?
False
Let r = -170 - 435. Let a = -162 - r. Is a prime?
True
Let c = -2 - -2. Is (-1 + 1785/(-14))*(c - 26) a prime number?
False
Suppose -y + 3 = -4*b, 5*b + 0*y + 2 = 3*y. Let w be 1*(2 + b) - -5. Let v(i) = 20*i + 7. Is v(w) composite?
False
Let o(x) = 22*x**2 + 120 + 134 - 267 - 3*x. Suppose c = -3 - 3. Is o(c) a prime number?
True
Let v(w) = -40*w + 14 + 3*w + 18*w. Is v(-21) composite?
True
Let i(r) = -6*r**3 - r - 3. Let z be i(-2). Let t = 204 - z. Is t prime?
True
Suppose 93*g - 12 = 89*g. Suppose g*p - 742 = p - 4*c, -p + 383 = -c. Is p composite?
False
Suppose -20*k - 17180 = -25*k. Suppose 0 = -w - 3*w + k. Is w a composite number?
False
Let k = 5403 + -1112. Is k a prime number?
False
Let a(n) = -5*n**3 -